(y).
-3
Suppose 0 = 4*v + v + 15. Let k be 12/v*6/8. Let c(d) = -d**3 - 3*d**2 - d + 2. Let m(o) = 1. Let a(z) = -c(z) + 6*m(z). What is a(k)?
1
Let v(o) = 2*o - 6. Let l(d) = -11*d + 1. Let i be l(1). Let k = i - -16. Determine v(k).
6
Let p(z) = z**3 + 5*z**2 - 2*z - 6. Let h = -5 + 1. What is p(h)?
18
Let l(h) = h**3 + 7*h**2 + 6*h - 1. Let v be -1 - (8/4 + 3). What is l(v)?
-1
Let r(l) = -2*l - 10. Let c be 0 + 0 + -1 + (4 - 10). Determine r(c).
4
Let y(o) = o**3 + 9*o**2 + 7*o - 5. Let b be y(-8). Let r = b + -1. Suppose 5*p - 35 = -r*j - 0*p, -2*j - 2*p = -20. Let c(k) = k - 4. Give c(j).
1
Suppose -95 = -5*x - 5*v, -2*x + 0*v - 3*v = -39. Let j be 4/x - (-100)/36. Let y(c) = 2*c - 2. Give y(j).
4
Let l(t) = -2*t - 14. Let c be -1 + 1 - ((-51)/(-3) - 7). Calculate l(c).
6
Let v(l) be the second derivative of -5/12*l**4 + 0 - l - 3*l**2 - 1/6*l**3 - 1/20*l**5. Calculate v(-5).
-1
Suppose -v - v - 12 = -a, 0 = -a - 2*v. Let l(j) = j**2 - 8*j + 2. What is l(a)?
-10
Let k(v) = 2*v**2 - 9*v + 4. Let r(t) = 5*t - 4 + 4*t + t - 2*t**2. Let l(f) = 3*k(f) + 2*r(f). Let z(h) = -h**2 + 5*h. Let c be z(4). Determine l(c).
8
Let l(y) be the first derivative of -1 + 1/3*y**3 - 8*y + 2*y**2. What is l(-6)?
4
Let z(v) = -2*v - 7. Let j be z(7). Let w = j + 23. Let k(m) = m**2 + m. Let p(f) = -2*f**3 + 3*f**2 + 4*f - 3. Let o(u) = k(u) - p(u). Give o(w).
5
Suppose -8*t + 16 = -0*t. Let p(i) = -2*i**2 - 1. Give p(t).
-9
Let o(g) be the third derivative of g**6/120 + g**5/15 - g**4/12 + g**3/2 - 2*g**2. Let z(y) = y**2 - y - 4. Let j be z(0). What is o(j)?
11
Let t(u) = -7*u**2 - 9. Let f(x) = x**2 + x + 1. Let k(h) = -6*f(h) - t(h). What is k(2)?
-5
Let m(p) be the second derivative of -p**6/720 + p**5/40 + 5*p**4/12 + 4*p. Let g(q) be the third derivative of m(q). Determine g(-4).
7
Let q(k) = k**3 + 5*k**2 + 3*k - 3. Let g = -21 + 27. Let x = 22 - 7. Suppose g*d + x = d. Determine q(d).
6
Let z(m) = 3*m**3 + 2*m - m**2 - m**3 - m**2 - 2. Give z(2).
10
Let p(r) = r**2 + 6*r - 9. Suppose 0 = -3*m + 3*q + 36, -2*q + q - 1 = 0. Let z = m + -18. What is p(z)?
-2
Let b(t) = 4*t**3 + 2*t**2 - t + 5. Let n(l) = 7*l**3 + 3*l**2 - 2*l + 11. Let a(o) = 5*b(o) - 3*n(o). Let v = -8 + 6. Let q = 2 + v. What is a(q)?
-8
Let b(z) be the third derivative of z**5/60 + z**4/3 + 5*z**3/6 + 5*z**2. Suppose 5*n + 18 = -12. What is b(n)?
-7
Let p(t) be the first derivative of -1/120*t**5 + 5/24*t**4 + 0*t - 2/3*t**3 + 0*t**2 + 1. Let b(u) be the third derivative of p(u). Calculate b(0).
5
Let k = 9 - 4. Let r(v) = -v**2 + 8*v - 5. What is r(k)?
10
Let b(t) = t**3 + t**2 - 1. Let m(a) = 2*a**3 + 2*a**2 - 2. Let x(p) = 11*b(p) - 6*m(p). Determine x(-1).
1
Let u be 0 + 1 + -4 - -6. Suppose x - 5 = -2*j, -3*x + u*j - 11 = -x. Let i(k) = k**2 + k - 1. Give i(x).
-1
Let a(k) = -2*k - 1. Let o(b) = -2*b**2 + b + 7. Let t be o(-3). Let s be 6/10 - t/35. What is a(s)?
-3
Let d(b) = -b**3 + 2*b**2 - 3. Suppose 5*v = c + 16 - 5, -5 = 5*v - 5*c. Determine d(v).
-12
Let g(d) = -d**3 - 6*d**2 + d - 4. Suppose -h = 6 - 0. Calculate g(h).
-10
Let y(v) = v**3 - 4*v + 4 + 23*v**2 - 6 - 21*v**2. What is y(-3)?
1
Let l(m) be the third derivative of -m**5/60 - 5*m**4/24 + 2*m**3/3 - 17*m**2. What is l(-7)?
-10
Let p(d) = 7*d**2 + 8*d + 13. Let y(u) = -2*u**2 - 2*u - 3. Let i(v) = 2*p(v) + 9*y(v). Suppose -6*n - 4 = -2*n. Determine i(n).
-3
Let z(j) = -3*j**2 + 4*j + 4. Let n(i) = -i**2 + i. Let a(c) = n(c) - z(c). Give a(4).
16
Let t(a) = 26 - a**2 - 44 + 21 + 3*a. Calculate t(3).
3
Suppose -6*t = -5*t - 2. Suppose -t*l + 14 = -6*b + 2*b, 16 = 4*l + 4*b. Let o(p) = -p**2 + 3*p - 2. Let f(a) = a. Let y(m) = -f(m) - o(m). Calculate y(l).
7
Let n be (-1 - -1) + -8 + 10. Let m(o) = 3 + 4 + o - n. Determine m(-3).
2
Let d(y) = -3 + 15*y - 16*y + 1. Let z be d(-3). Let k(h) = 5*h + 1. Calculate k(z).
6
Let b(l) = -1 + 0 + 0*l**2 + 2 - 6*l**3 - l**2. Calculate b(1).
-6
Let g(m) = m**2 + 8*m + 1. Let p be g(-7). Let i(x) be the first derivative of x**2/2 + x + 1. Calculate i(p).
-5
Let t(f) = -2*f - 2. Let n = 18 + -12. Give t(n).
-14
Suppose -4 = c - 2*p + 1, -3*p + 15 = -4*c. Let j(s) = s**2 - 3*s - 1. What is j(c)?
17
Let i(h) = -h**2 + h + 1. Let f(w) = 2*w**2 + 3*w - 9. Let q(z) = -f(z) - 3*i(z). Let v(g) = -g**3 + g**2 + g + 4. Let j be v(0). Calculate q(j).
-2
Let r(b) = 4*b**2 - 2*b + 1. Let p be r(1). Let g = 1 + p. Suppose 8 + g = 4*l. Let c(h) = h**2 - 7*h + 2. Give c(l).
-10
Let w(p) = -2*p - 2. Let h(g) = g - 1. Let c(f) = h(f) + w(f). Let b be (-4)/(-12) + (-2)/6. Calculate c(b).
-3
Let j(c) = 6. Let d(r) = -1. Let y(w) = 5*d(w) + j(w). Let l(g) = -g - 15. Let o(a) = l(a) + 4*y(a). Give o(-7).
-4
Let k(n) be the first derivative of -7*n**3/3 + n**2/2 - n - 2. Determine k(1).
-7
Let h(t) = 1 + 0 + 5*t + 1. Let z(v) = v**2 - 6*v + 2. Let q be z(7). Let r(w) = 11*w + 5. Let p(j) = q*h(j) - 4*r(j). Determine p(0).
-2
Let j = 18 + -13. Let m(a) = 3*a**3 - 2*a**3 - 5 + 0 - a - 5*a**2. Determine m(j).
-10
Let r = 3 + 4. Let f(y) = -y**3 + 6*y**2 + 10*y - 8. Determine f(r).
13
Let l = 0 - -1. Let f(s) = 20*s**2 - s + 1. Let p be f(l). Suppose 2*j = 6*j - p. Let a(y) = y**3 - 6*y**2 + 6*y + 5. Determine a(j).
10
Let n(a) be the second derivative of a**5/30 + 5*a**4/24 + 2*a**3/3 + a**2 - 5*a. Let m(j) be the first derivative of n(j). Give m(-3).
7
Let m(z) be the third derivative of -z**5/30 + z**4/24 + z**3/3 - 2*z**2. Give m(2).
-4
Let g(l) = -2 - 4*l - 3*l + 6*l. Give g(6).
-8
Let m(y) = 21 + 5*y - 21. Let d be -2 + (3 - (-4)/(-2)). Calculate m(d).
-5
Let i(n) = n. Let q(f) = -7*f**2 - 4*f + 5. Let a(h) = -3*i(h) - q(h). Let y(v) be the first derivative of a(v). What is y(-1)?
-13
Let a be (-8)/4*(-6 - 0). Suppose 6*g - 3*j - a = 3*g, -j + 2 = 2*g. Let n(i) = -1 - 3 + 6 + g*i. Give n(4).
10
Suppose 4*h = -2*f + 6, 5*h - 6 = -2*f + 2*h. Suppose -4*q + 32 = 4*g, -5*g + f = -2*q - 23. Let n(s) = -s**3 + 6*s**2 + 1. Determine n(g).
1
Let b = -14 - -12. Let x(p) be the third derivative of -p**4/24 - p**3/6 + p**2. Give x(b).
1
Suppose 4*d + 2*t = 0, 0*d + 4*d + 3*t = -4. Let z = d - 2. Let j(p) = 2*p**3 - p**2 - 2. Let l(n) = -n**3 + n**2 + 2. Let f(v) = 2*j(v) + 3*l(v). What is f(z)?
2
Let i(w) be the second derivative of -1/12*w**4 - 3/2*w**2 + w + 2/3*w**3 + 0. Give i(3).
0
Let i(a) = a**2 - 1. Let v(j) be the first derivative of 5*j**3/3 + j**2 - 2*j + 2. Let r be v(-2). Suppose 4 = 5*t + r. Give i(t).
3
Let s be (-4)/(-6) + (-176)/(-6). Suppose 0 = -6*x + x - s. Let r(j) = j**3 + 5*j**2 - 7*j - 3. Give r(x).
3
Let b(m) be the third derivative of -m**5/30 - m**4/24 + m**3/6 - 4*m**2. Give b(2).
-9
Let q(n) = -15*n + 2 - 2 - 1 + 12*n. Give q(-2).
5
Suppose 5*l + 19 - 4 = 0. Let i(d) be the third derivative of 0 - 1/24*d**4 + 1/30*d**5 + 0*d + 1/120*d**6 - 1/3*d**3 + d**2. What is i(l)?
-8
Let o(r) = 3*r + 1. Suppose c = f + f + 12, 3*f - 4*c + 18 = 0. Calculate o(f).
-17
Let l(q) be the first derivative of -q**2/2 + q + 3. Let k be l(-3). Let o(j) = j**3 - 3*j**2 - 4*j - 3. Calculate o(k).
-3
Let j(h) = -3*h**3 + 3*h - 8 + 5*h - 8*h**2 + 4*h**3 + 1. Let x be j(7). Let y(n) = x*n - 1 + 5 - n - 1. Determine y(2).
1
Let o = -34 - -41. Let t(j) = j**2 - 9*j - 4. Determine t(o).
-18
Let y(p) be the second derivative of -p**4/12 - p**3 + 5*p**2/2 - p. What is y(-5)?
10
Let u(f) be the second derivative of f**5/20 + f**4/4 - f**3/2 - f**2/2 - f - 4. What is u(-3)?
8
Let p(u) = -u**2 - u - 1 + 9*u + 0*u**2. Calculate p(5).
14
Let j(r) = 7*r**3 - 2*r**2 - 3*r + 3. Let a(f) = 8*f**3 - 3*f**2 - 4*f + 3. Let s(q) = 5*a(q) - 6*j(q). Calculate s(-2).
5
Let j(b) = -7*b**3 - b. Let i(p) = 3*p - 6. Let m be i(6). Suppose 0*r = 2*r + m. Let w = -7 - r. Give j(w).
8
Let d(m) = 9*m**2 + 8*m - 1. Let i(s) = 17*s**2 + 15*s - 2. Let c(a) = 11*d(a) - 6*i(a). Let o(y) = y**2 + y - 1. Let u be o(-2). Give c(u).
-4
Let b = -1 - -3. Let p(s) = 0*s**2 - 2*s**3 - s - b*s**2 + 3*s**3. Let w = 545 + -543. Calculate p(w).
-2
Let p = -13 - -12. Let v(r) = 2*r + 1. What is v(p)?
-1
Let y be 2/7 + 2/(-7). Suppose -5*t + 14 - 4 = y. Let b(q) = 6*q - q - q**t + 0*q**2 - 2. Determine b(5).
-2
Let t(z) be the second derivative of -5*z**4/12 - z**3/6 + 2*z. Let j = -7 + 5. Let a be -1 + -2 + 6 + j. Give t(a).
-6
Let h(t) = 5*t - 4*t 